lions digit of 6858116439?
5
What is the thousands digit of 23214174?
4
What is the hundreds digit of 791779655?
6
What is the ten millions digit of 299781383?
9
What is the hundred millions digit of 254583454?
2
What is the thousands digit of 41385850?
5
What is the hundred thousands digit of 8424984325?
9
What is the ten millions digit of 826742327?
2
What is the units digit of 2232750465?
5
What is the tens digit of 302034069?
6
What is the ten thousands digit of 69205750?
0
What is the ten millions digit of 2816849901?
1
What is the ten millions digit of 6280977948?
8
What is the millions digit of 17373617?
7
What is the millions digit of 221216867?
1
What is the hundred thousands digit of 827342388?
3
What is the tens digit of 358054612?
1
What is the tens digit of 11857698?
9
What is the hundred thousands digit of 98904287?
9
What is the ten millions digit of 4162108414?
6
What is the ten millions digit of 140946450?
4
What is the hundreds digit of 40667219?
2
What is the tens digit of 1306337620?
2
What is the thousands digit of 124509959?
9
What is the units digit of 610931041?
1
What is the hundred millions digit of 277073964?
2
What is the thousands digit of 26933284?
3
What is the millions digit of 146640385?
6
What is the millions digit of 282819301?
2
What is the hundred thousands digit of 39315604?
3
What is the millions digit of 1422563667?
2
What is the hundreds digit of 121214757?
7
What is the hundreds digit of 127740524?
5
What is the tens digit of 6966999842?
4
What is the units digit of 41038281?
1
What is the ten thousands digit of 38045176?
4
What is the ten thousands digit of 150365419?
6
What is the hundreds digit of 33710797?
7
What is the hundreds digit of 477544448?
4
What is the millions digit of 1352630597?
2
What is the units digit of 6308645?
5
What is the thousands digit of 161720818?
0
What is the hundreds digit of 79220482?
4
What is the units digit of 3814884?
4
What is the hundred millions digit of 2253640660?
2
What is the ten thousands digit of 22617240?
1
What is the hundreds digit of 239163422?
4
What is the ten millions digit of 713189256?
1
What is the tens digit of 177894048?
4
What is the ten thousands digit of 123723983?
2
What is the thousands digit of 762143575?
3
What is the ten millions digit of 52324993?
5
What is the ten millions digit of 1032475878?
3
What is the hundreds digit of 33673341?
3
What is the hundred millions digit of 193444420?
1
What is the millions digit of 104071109?
4
What is the ten millions digit of 17938616?
1
What is the ten thousands digit of 543658034?
5
What is the ten thousands digit of 50617424?
1
What is the thousands digit of 2798280881?
0
What is the units digit of 1598565143?
3
What is the units digit of 1378581275?
5
What is the hundreds digit of 562188641?
6
What is the tens digit of 134541480?
8
What is the tens digit of 116966562?
6
What is the hundred millions digit of 2711406925?
7
What is the tens digit of 141971029?
2
What is the ten thousands digit of 63817997?
1
What is the millions digit of 890026622?
0
What is the billions digit of 4313260779?
4
What is the hundred millions digit of 106638937?
1
What is the tens digit of 737809?
0
What is the hundred millions digit of 114864523?
1
What is the hundreds digit of 1747063026?
0
What is the hundred millions digit of 105992228?
1
What is the thousands digit of 134881975?
1
What is the units digit of 45040751?
1
What is the units digit of 164843227?
7
What is the tens digit of 1218169339?
3
What is the tens digit of 3860099?
9
What is the millions digit of 2410223983?
0
What is the tens digit of 1173245090?
9
What is the ten thousands digit of 44975609?
7
What is the millions digit of 891672496?
1
What is the tens digit of 63790305?
0
What is the millions digit of 636687632?
6
What is the ten thousands digit of 51451786?
5
What is the hundred thousands digit of 48933304?
9
What is the hundred thousands digit of 127271181?
2
What is the ten millions digit of 677931432?
7
What is the thousands digit of 1176404636?
4
What is the hundred thousands digit of 94108435?
1
What is the hundreds digit of 1211213947?
9
What is the millions digit of 118653972?
8
What is the tens digit of 29104918?
1
What is the hundred thousands digit of 1269211686?
2
What is the ten thousands digit of 32329291?
2
What is the hundred millions digit of 401735741?
4
What is the hundreds digit of 2251988?
9
What is the ten thousands digit of 170918210?
1
What is the tens digit of 6153056335?
3
What is the thousands digit of 2388225777?
5
What is the ten millions digit of 4087802112?
8
What is the units digit of 8787258?
8
What is the hundred thousands digit of 26450102?
4
What is the hundred millions digit of 223330778?
2
What is the units digit of 21618336?
6
What is the thousands digit of 54357444?
7
What is the millions digit of 420114084?
0
What is the millions digit of 20955394?
0
What is the ten millions digit of 239750799?
3
What is the thousands digit of 49111870?
1
What is the ten thousands digit of 425298786?
9
What is the thousands digit of 250365114?
5
What is the ten millions digit of 486053228?
8
What is the tens digit of 2758008713?
1
What is the units digit of 1020909004?
4
What is the thousands digit of 35774778?
4
What is the ten thousands digit of 46160072?
6
What is the hundred thousands digit of 51002558?
0
What is the ten thousands digit of 2998334683?
3
What is the billions digit of 1958986326?
1
What is the ten millions digit of 68820146?
6
What is the thousands digit of 12262647?
2
What is the hundred millions digit of 158998628?
1
What is the thousands digit of 33938794?
8
What is the units digit of 692879957?
7
What is the ten thousands digit of 2736887179?
8
What is the hundreds digit of 166556713?
7
What is the thousands digit of 1669156132?
6
What is the hundreds digit of 161667632?
6
What is the ten millions digit of 21476776?
2
What is the billions digit of 2867257025?
2
What is the hundred thousands digit of 805505628?
5
What is the billions digit of 4350517451?
4
What is the hundred thousands digit of 5023667808?
6
What is the units digit of 34547204?
4
What is the millions digit of 1472018990?
2
What is the tens digit of 3510203957?
5
What is the billions digit of 3510536364?
3
What is the hundreds digit of 367909202?
2
What is the units digit of 308579133?
3
What is the hundreds digit of 274894954?
9
What is the ten millions digit of 1395492036?
9
What is the units digit of 422691207?
7
What is the billions digit of 1805919594?
1
What is the hundred thousands digit of 630528531?
5
What is the millions digit of 72051758?
2
What is the ten thousands digit of 5145384069?
8
What is the thousands digit of 54642954?
2
What is the hundreds digit of 68956890?
8
What is the hundred thousands digit of 30531739?
5
What is the tens digit of 49585878?
7
What is the hundred millions digit of 694974063?
6
What is the hundred millions digit of 128036952?
1
What is the hundred millions digit of 129598357?
1
What is the billions digit of 1340248044?
1
What is the hundred thousands digit of 435875848?
8
What is the tens digit of 916311466?
6
What is the tens digit of 101657886?
8
What is the ten thousands digit of 1793288532?
8
What is the hundred thousands digit of 675967148?
9
What is the ten thousands digit of 19761701?
6
What is the units digit of 316662316?
6
What is the tens digit of 3379649916?
1
What is the hundred thousands digit of 3330503771?
5
What is the thousands digit of 2541368880?
8
What is the ten millions digit of 44753852?
4
What is the thousands digit of 12890941?
0
What is the hundred thousands digit of 167088661?
0
What is the hundred millions digit of 124561203?
1
What is the ten thousands digit of 3297989?
9
What is the units digit of 1335904650?
0
What is the millions digit of 59373343?
9
What is the hundreds digit of 77272120?
1
What is the millions digit of 2467850891?
7
What is the hundreds digit of 1039122662?
6
What is the units digit of 294089461?
1
What is the millions digit of 1306928169?
6
What is the hundred thousands digit of 592504834?
5
What is the ten millions digit of 50232900?
5
What is the hundreds digit of 140691683?
6
What is the hundreds digit of 1453533527?
5
What is the 